
{"id":60317,"date":"2023-11-13T10:41:57","date_gmt":"2023-11-13T10:41:57","guid":{"rendered":"https:\/\/azurefilm.com\/product\/alaplap-creator-3-pro-hoz\/"},"modified":"2023-11-13T10:41:57","modified_gmt":"2023-11-13T10:41:57","slug":"alaplap-creator-3-pro-hoz","status":"publish","type":"product","link":"https:\/\/azurefilm.com\/hu\/termek\/alaplap-creator-3-pro-hoz\/","title":{"rendered":"Alaplap Creator 3 PRO-hoz"},"content":{"rendered":"<h4>Alaplap Creator 3 PRO-hoz<\/h4>\n<h3><strong><span style=\"vertical-align: inherit;\">Kulcsfontoss\u00e1g\u00fa jellemz\u0151k:<\/span><\/strong><\/h3>\n<ul>\n<li><strong><span style=\"vertical-align: inherit;\">Pontoss\u00e1g \u00e9s teljes\u00edtm\u00e9ny:<\/span><\/strong>\n<ul>\n<li><span style=\"vertical-align: inherit;\">Fejlett 32 bites architekt\u00fara a nagyobb pontoss\u00e1g \u00e9s az \u00e1ltal\u00e1nos nyomtat\u00e1si teljes\u00edtm\u00e9ny \u00e9rdek\u00e9ben.<\/span><\/li>\n<li><span style=\"vertical-align: inherit;\">A 3D nyomatok r\u00e9szletess\u00e9g\u00e9nek \u00e9s min\u0151s\u00e9g\u00e9nek \u00faj szintj\u00e9t \u00e9rheti el.<\/span><\/li>\n<\/ul>\n<\/li>\n<li><strong><span style=\"vertical-align: inherit;\">Csendes m\u0171k\u00f6d\u00e9s:<\/span><\/strong>\n<ul>\n<li><span style=\"vertical-align: inherit;\">A TMC2208 meghajt\u00f3k csendes nyomtat\u00e1si \u00e9lm\u00e9nyt ny\u00fajtanak, \u00e9s cs\u00f6kkentik a m\u0171k\u00f6d\u00e9s k\u00f6zbeni zajt.<\/span><\/li>\n<li><span style=\"vertical-align: inherit;\">Ide\u00e1lis a 3D nyomtat\u00e1s sor\u00e1n csendesebb munkak\u00f6rnyezetet keres\u0151 felhaszn\u00e1l\u00f3k sz\u00e1m\u00e1ra.<\/span><\/li>\n<\/ul>\n<\/li>\n<li><strong><span style=\"vertical-align: inherit;\">Plow &amp; Install lej\u00e1tsz\u00e1s:<\/span><\/strong>\n<ul>\n<li><span style=\"vertical-align: inherit;\">Az el\u0151re telep\u00edtett firmware \u00e9s a Creator 3 Pro el\u0151re konfigur\u00e1lt be\u00e1ll\u00edt\u00e1sai z\u00f6kken\u0151mentes plug-and-play telep\u00edt\u00e9st tesznek lehet\u0151v\u00e9.<\/span><\/li>\n<li><span style=\"vertical-align: inherit;\">Egyszer\u0171s\u00edtett friss\u00edt\u00e9si folyamat a k\u00f6nny\u0171 \u00e9s egyszer\u0171 telep\u00edt\u00e9st keres\u0151 felhaszn\u00e1l\u00f3k sz\u00e1m\u00e1ra.<\/span><\/li>\n<\/ul>\n<\/li>\n<li><strong><span style=\"vertical-align: inherit;\">Optimaliz\u00e1lt h\u0151kezel\u00e9s:<\/span><\/strong>\n<ul>\n<li><span style=\"vertical-align: inherit;\">Az \u00e1ramk\u00f6ri kialak\u00edt\u00e1st a hat\u00e9kony h\u0151kezel\u00e9sre optimaliz\u00e1lt\u00e1k.<\/span><\/li>\n<li><span style=\"vertical-align: inherit;\">Stabil h\u0151m\u00e9rs\u00e9klet m\u0171k\u00f6d\u00e9s k\u00f6zben, ami megakad\u00e1lyozza az olyan probl\u00e9m\u00e1kat, mint a h\u0151zsugorod\u00e1s, \u00e9s biztos\u00edtja az egyenletes nyomtat\u00e1si min\u0151s\u00e9get.<\/span><\/li>\n<\/ul>\n<\/li>\n<li><strong><span style=\"vertical-align: inherit;\">Univerz\u00e1lis kompatibilit\u00e1s:<\/span><\/strong>\n<ul>\n<li><span style=\"vertical-align: inherit;\">Kompatibilis a k\u00fcl\u00f6nb\u00f6z\u0151 meghajt\u00f3tengelyekkel, bele\u00e9rtve az E\/Z\/Y\/X tengelyeket, \u00edgy sokoldal\u00faan alkalmazhat\u00f3 a k\u00fcl\u00f6nb\u00f6z\u0151 projektk\u00f6vetelm\u00e9nyekhez.<\/span><\/li>\n<li><span style=\"vertical-align: inherit;\">Dinamikus \u00e9s rugalmas platformot biztos\u00edt a kreativit\u00e1shoz, amely lehet\u0151v\u00e9 teszi a felhaszn\u00e1l\u00f3k sz\u00e1m\u00e1ra, hogy a 3D nyomtat\u00f3t a projekt egyedi ig\u00e9nyeihez igaz\u00edts\u00e1k.<\/span><\/li>\n<\/ul>\n<\/li>\n<li><strong><span style=\"vertical-align: inherit;\">Megb\u00edzhat\u00f3 konstrukci\u00f3:<\/span><\/strong>\n<ul>\n<li><span style=\"vertical-align: inherit;\">Tart\u00f3s \u00e9s megb\u00edzhat\u00f3 fel\u00e9p\u00edt\u00e9se biztos\u00edtja az alaplap hossz\u00fa \u00e9lettartam\u00e1t.<\/span><\/li>\n<li><span style=\"vertical-align: inherit;\">\u00dagy tervezt\u00e9k, hogy ellen\u00e1lljon a 3D nyomtat\u00e1ssal j\u00e1r\u00f3 ig\u00e9nybev\u00e9teleknek, \u00e9s hossz\u00fa t\u00e1von stabil \u00e9s egyenletes teljes\u00edtm\u00e9nyt biztos\u00edtson.<\/span><\/li>\n<\/ul>\n<\/li>\n<li><strong><span style=\"vertical-align: inherit;\">Felhaszn\u00e1l\u00f3bar\u00e1t fel\u00fclet:<\/span><\/strong>\n<ul>\n<li><span style=\"vertical-align: inherit;\">Intuit\u00edv \u00e9s felhaszn\u00e1l\u00f3bar\u00e1t fel\u00fclet a k\u00f6nny\u0171 navig\u00e1ci\u00f3hoz \u00e9s vez\u00e9rl\u00e9shez.<\/span><\/li>\n<li><span style=\"vertical-align: inherit;\">Ez fokozza a felhaszn\u00e1l\u00f3i \u00e9lm\u00e9nyt, \u00edgy a kezd\u0151k \u00e9s a halad\u00f3 felhaszn\u00e1l\u00f3k sz\u00e1m\u00e1ra egyar\u00e1nt el\u00e9rhet\u0151v\u00e9 v\u00e1lik.<\/span><\/li>\n<\/ul>\n<\/li>\n<\/ul>\n<p><span style=\"vertical-align: inherit;\">L\u00e1bjegyzet:<\/span><\/p>\n<ul>\n<li><span style=\"vertical-align: inherit;\">Bekapcsolt \u00e1llapotban ne csatlakoztassa az alaplapot, \u00e9s ne v\u00e1ltoztassa meg a modul b\u00e1rmelyik interf\u00e9sz\u00e9t (kiv\u00e9ve az SD \u00e9s USB interf\u00e9szt).<\/span><\/li>\n<li><span style=\"vertical-align: inherit;\">A bekapcsol\u00e1s el\u0151tt figyeljen a t\u00e1pk\u00e1bel \u00e9s az \u00f6sszes csatlakoz\u00f3 port pozit\u00edv \u00e9s negat\u00edv polarit\u00e1s\u00e1ra. Ker\u00fclje az alaplap s\u00e9r\u00fcl\u00e9s\u00e9t. <\/span><\/li>\n<li><span style=\"vertical-align: inherit;\">Ne \u00e9rintse meg az alaplapot nedves k\u00e9zzel, \u00e9s tartsa sz\u00e1razon.<\/span><\/li>\n<li><span style=\"vertical-align: inherit;\">V\u00e9szhelyzet eset\u00e9n id\u0151ben kapcsolja ki az \u00e1ramot.<\/span><\/li>\n<\/ul>\n<p>https:\/\/www.youtube.com\/watch?v=Ed9Xcpigdqc<\/p>\n","protected":false},"excerpt":{"rendered":"<p>Alaplap Creator 3 PRO-hoz<\/p>\n","protected":false},"featured_media":60318,"comment_status":"closed","ping_status":"closed","template":"","meta":{"_acf_changed":false},"product_brand":[],"product_cat":[2221,1679,2275],"product_tag":[],"brand":[],"class_list":{"0":"post-60317","1":"product","2":"type-product","3":"status-publish","4":"has-post-thumbnail","6":"product_cat-potalkatreszek","7":"product_cat-elado","8":"product_cat-mainboards-hu","10":"first","11":"instock","12":"sale","13":"taxable","14":"shipping-taxable","15":"purchasable","16":"product-type-simple"},"acf":[],"_links":{"self":[{"href":"https:\/\/azurefilm.com\/hu\/wp-json\/wp\/v2\/product\/60317","targetHints":{"allow":["GET"]}}],"collection":[{"href":"https:\/\/azurefilm.com\/hu\/wp-json\/wp\/v2\/product"}],"about":[{"href":"https:\/\/azurefilm.com\/hu\/wp-json\/wp\/v2\/types\/product"}],"replies":[{"embeddable":true,"href":"https:\/\/azurefilm.com\/hu\/wp-json\/wp\/v2\/comments?post=60317"}],"wp:featuredmedia":[{"embeddable":true,"href":"https:\/\/azurefilm.com\/hu\/wp-json\/wp\/v2\/media\/60318"}],"wp:attachment":[{"href":"https:\/\/azurefilm.com\/hu\/wp-json\/wp\/v2\/media?parent=60317"}],"wp:term":[{"taxonomy":"product_brand","embeddable":true,"href":"https:\/\/azurefilm.com\/hu\/wp-json\/wp\/v2\/product_brand?post=60317"},{"taxonomy":"product_cat","embeddable":true,"href":"https:\/\/azurefilm.com\/hu\/wp-json\/wp\/v2\/product_cat?post=60317"},{"taxonomy":"product_tag","embeddable":true,"href":"https:\/\/azurefilm.com\/hu\/wp-json\/wp\/v2\/product_tag?post=60317"},{"taxonomy":"brand","embeddable":true,"href":"https:\/\/azurefilm.com\/hu\/wp-json\/wp\/v2\/brand?post=60317"}],"curies":[{"name":"wp","href":"https:\/\/api.w.org\/{rel}","templated":true}]}}

<h4>Alaplap Creator 3 PRO-hoz</h4>
<h3><strong><span style="vertical-align: inherit;">Kulcsfontosságú jellemzők:</span></strong></h3>
<ul>
<li><strong><span style="vertical-align: inherit;">Pontosság és teljesítmény:</span></strong>
<ul>
<li><span style="vertical-align: inherit;">Fejlett 32 bites architektúra a nagyobb pontosság és az általános nyomtatási teljesítmény érdekében.</span></li>
<li><span style="vertical-align: inherit;">A 3D nyomatok részletességének és minőségének új szintjét érheti el.</span></li>
</ul>
</li>
<li><strong><span style="vertical-align: inherit;">Csendes működés:</span></strong>
<ul>
<li><span style="vertical-align: inherit;">A TMC2208 meghajtók csendes nyomtatási élményt nyújtanak, és csökkentik a működés közbeni zajt.</span></li>
<li><span style="vertical-align: inherit;">Ideális a 3D nyomtatás során csendesebb munkakörnyezetet kereső felhasználók számára.</span></li>
</ul>
</li>
<li><strong><span style="vertical-align: inherit;">Plow &amp; Install lejátszás:</span></strong>
<ul>
<li><span style="vertical-align: inherit;">Az előre telepített firmware és a Creator 3 Pro előre konfigurált beállításai zökkenőmentes plug-and-play telepítést tesznek lehetővé.</span></li>
<li><span style="vertical-align: inherit;">Egyszerűsített frissítési folyamat a könnyű és egyszerű telepítést kereső felhasználók számára.</span></li>
</ul>
</li>
<li><strong><span style="vertical-align: inherit;">Optimalizált hőkezelés:</span></strong>
<ul>
<li><span style="vertical-align: inherit;">Az áramköri kialakítást a hatékony hőkezelésre optimalizálták.</span></li>
<li><span style="vertical-align: inherit;">Stabil hőmérséklet működés közben, ami megakadályozza az olyan problémákat, mint a hőzsugorodás, és biztosítja az egyenletes nyomtatási minőséget.</span></li>
</ul>
</li>
<li><strong><span style="vertical-align: inherit;">Univerzális kompatibilitás:</span></strong>
<ul>
<li><span style="vertical-align: inherit;">Kompatibilis a különböző meghajtótengelyekkel, beleértve az E/Z/Y/X tengelyeket, így sokoldalúan alkalmazható a különböző projektkövetelményekhez.</span></li>
<li><span style="vertical-align: inherit;">Dinamikus és rugalmas platformot biztosít a kreativitáshoz, amely lehetővé teszi a felhasználók számára, hogy a 3D nyomtatót a projekt egyedi igényeihez igazítsák.</span></li>
</ul>
</li>
<li><strong><span style="vertical-align: inherit;">Megbízható konstrukció:</span></strong>
<ul>
<li><span style="vertical-align: inherit;">Tartós és megbízható felépítése biztosítja az alaplap hosszú élettartamát.</span></li>
<li><span style="vertical-align: inherit;">Úgy tervezték, hogy ellenálljon a 3D nyomtatással járó igénybevételeknek, és hosszú távon stabil és egyenletes teljesítményt biztosítson.</span></li>
</ul>
</li>
<li><strong><span style="vertical-align: inherit;">Felhasználóbarát felület:</span></strong>
<ul>
<li><span style="vertical-align: inherit;">Intuitív és felhasználóbarát felület a könnyű navigációhoz és vezérléshez.</span></li>
<li><span style="vertical-align: inherit;">Ez fokozza a felhasználói élményt, így a kezdők és a haladó felhasználók számára egyaránt elérhetővé válik.</span></li>
</ul>
</li>
</ul>
<p><span style="vertical-align: inherit;">Lábjegyzet:</span></p>
<ul>
<li><span style="vertical-align: inherit;">Bekapcsolt állapotban ne csatlakoztassa az alaplapot, és ne változtassa meg a modul bármelyik interfészét (kivéve az SD és USB interfészt).</span></li>
<li><span style="vertical-align: inherit;">A bekapcsolás előtt figyeljen a tápkábel és az összes csatlakozó port pozitív és negatív polaritására. Kerülje az alaplap sérülését. </span></li>
<li><span style="vertical-align: inherit;">Ne érintse meg az alaplapot nedves kézzel, és tartsa szárazon.</span></li>
<li><span style="vertical-align: inherit;">Vészhelyzet esetén időben kapcsolja ki az áramot.</span></li>
</ul>
<p>https://www.youtube.com/watch?v=Ed9Xcpigdqc</p>
